{"id":10,"date":"2014-05-22T21:22:01","date_gmt":"2014-05-22T20:22:01","guid":{"rendered":"http:\/\/residence-aquitaine.fr\/blog\/?page_id=10"},"modified":"2019-11-06T11:05:30","modified_gmt":"2019-11-06T10:05:30","slug":"chauffage","status":"publish","type":"page","link":"https:\/\/residence-aquitaine.fr\/blog\/chauffage\/","title":{"rendered":"Chauffage"},"content":{"rendered":"<p><em>En cas de probl\u00e8me de chauffage :<\/em><\/p>\n<ol>\n<li>V\u00e9rifiez avec un de vos voisin s&rsquo;il a le m\u00eame probl\u00e8me ;<\/li>\n<li>Postez un message dans le<a href=\"http:\/\/residence-aquitaine.fr\/forums\"> forum<\/a>, et envoyez <a href=\"mailto:residence_aquitaine@yahoo.fr\">un mail<\/a> au conseil syndical ;<\/li>\n<li>Appelez le <a href=\"http:\/\/www.residence-aquitaine.fr\/blog\/Contacts\"> syndic<\/a> pour qu&rsquo;il fasse intervenir quelqu&rsquo;un.<\/li>\n<\/ol>\n","protected":false},"excerpt":{"rendered":"<p>En cas de probl\u00e8me de chauffage : V\u00e9rifiez avec un de vos voisin s&rsquo;il a le m\u00eame probl\u00e8me ; Postez un message dans le forum, et envoyez un mail au conseil syndical ; Appelez le syndic pour qu&rsquo;il fasse intervenir quelqu&rsquo;un.<\/p>\n","protected":false},"author":1,"featured_media":0,"parent":0,"menu_order":0,"comment_status":"closed","ping_status":"closed","template":"","meta":{"_crdt_document":"","footnotes":""},"class_list":["post-10","page","type-page","status-publish","hentry"],"_links":{"self":[{"href":"https:\/\/residence-aquitaine.fr\/blog\/wp-json\/wp\/v2\/pages\/10","targetHints":{"allow":["GET"]}}],"collection":[{"href":"https:\/\/residence-aquitaine.fr\/blog\/wp-json\/wp\/v2\/pages"}],"about":[{"href":"https:\/\/residence-aquitaine.fr\/blog\/wp-json\/wp\/v2\/types\/page"}],"author":[{"embeddable":true,"href":"https:\/\/residence-aquitaine.fr\/blog\/wp-json\/wp\/v2\/users\/1"}],"replies":[{"embeddable":true,"href":"https:\/\/residence-aquitaine.fr\/blog\/wp-json\/wp\/v2\/comments?post=10"}],"version-history":[{"count":7,"href":"https:\/\/residence-aquitaine.fr\/blog\/wp-json\/wp\/v2\/pages\/10\/revisions"}],"predecessor-version":[{"id":668,"href":"https:\/\/residence-aquitaine.fr\/blog\/wp-json\/wp\/v2\/pages\/10\/revisions\/668"}],"wp:attachment":[{"href":"https:\/\/residence-aquitaine.fr\/blog\/wp-json\/wp\/v2\/media?parent=10"}],"curies":[{"name":"wp","href":"https:\/\/api.w.org\/{rel}","templated":true}]}}

<p><em>En cas de problème de chauffage :</em></p>
<ol>
<li>Vérifiez avec un de vos voisin s&rsquo;il a le même problème ;</li>
<li>Postez un message dans le<a href="http://residence-aquitaine.fr/forums"> forum</a>, et envoyez <a href="mailto:residence_aquitaine@yahoo.fr">un mail</a> au conseil syndical ;</li>
<li>Appelez le <a href="http://www.residence-aquitaine.fr/blog/Contacts"> syndic</a> pour qu&rsquo;il fasse intervenir quelqu&rsquo;un.</li>
</ol>

<p>En cas de problème de chauffage : Vérifiez avec un de vos voisin s&rsquo;il a le même problème ; Postez un message dans le forum, et envoyez un mail au conseil syndical ; Appelez le syndic pour qu&rsquo;il fasse intervenir quelqu&rsquo;un.</p>
